) = 13*y - 86. What are the prime factors of h(12)?
2, 5, 7
Let g(j) = -9*j**2 - 9*j - 10. Let n(v) = 10*v**2 + 9*v + 9. Let p(r) = -7*g(r) - 6*n(r). List the prime factors of p(-10).
2, 113
Let p = 576 - 468. What are the prime factors of p?
2, 3
Let x(d) = -3*d**2 - 2*d + 693. List the prime factors of x(0).
3, 7, 11
Suppose 0*g - 2*g + 77 = -3*d, 0 = 4*g - 5*d - 151. Let q = 6 + g. Suppose -q = -4*t - t - 5*i, 4 = i. What are the prime factors of t?
2
Let k be (4/6)/((-4)/(-36)). Let r be 1 + k/(-8)*-4. List the prime factors of ((-2)/r)/(1/(-48)).
2, 3
Let s be 2/(((-4)/8)/(30/(-24))). List the prime factors of -5 - (s + -4 + -177).
3, 19
Let l = -212 + 417. What are the prime factors of l?
5, 41
What are the prime factors of ((-56979)/12)/(-3) - 10/(-40)?
1583
Let p = -594 + 1675. What are the prime factors of p?
23, 47
Let h = -8 + 16. Suppose 0 = h*u - 5*u - 15. Suppose -u*r + r = -104. List the prime factors of r.
2, 13
Suppose 0 = 5*f + 5*g - 10, 2*f = -f - 2*g + 9. Let d(m) = -5*m + 4. Let h be d(1). Let r = h + f. List the prime factors of r.
2
Let v = -28 + 44. Let h = 61 - v. List the prime factors of h.
3, 5
Suppose 14 = 2*x + 2*x + 3*h, -5*x = -5*h - 35. List the prime factors of ((-4)/8 + 2*x)*16.
2, 19
Suppose -o + n = -4*n - 25, -3*o = 2*n - 7. Suppose 0 = 2*l + 3 - 1, -o*y - l = -444. What are the prime factors of y?
89
Suppose 2*l - 7*l = -4*v + 16, 4*l + 20 = 5*v. Suppose 9 = v*q - 79. What are the prime factors of q?
2, 11
Suppose 0 = -5*b + 16 + 9. Suppose w = -y - 20, -64 - 86 = 5*y - b*w. What are the prime factors of 10/y - 107/(-5)?
3, 7
Let o(b) = b**2 + 17*b + 20. Let g be o(-17). Let u = -18 + g. List the prime factors of (-235)/(-10) - (-1)/u.
2, 3
Suppose -978 = 23*n - 29*n. List the prime factors of n.
163
Let u = -3189 - -4941. What are the prime factors of u?
2, 3, 73
What are the prime factors of -3315*(-6 + (-108)/(-20))?
3, 13, 17
Let a = 1095 - 557. List the prime factors of a.
2, 269
Suppose -9*x - 5*l - 250 = -10*x, 240 = x + 5*l. List the prime factors of x.
5, 7
Let f be (-98)/5 + (-2)/5. Let z = 21 + f. What are the prime factors of (z - 2)*(-57 - -15)?
2, 3, 7
Suppose 2*g = 3*g - 2*f + 4, -f = -g. What are the prime factors of (42/(4/g))/((-8)/(-52))?
3, 7, 13
Let n = -129 + 309. Let l be -6*(n/(-8) + 1). Suppose -4*m - r + l = 0, 0 = 3*m - 4*m - 3*r + 46. What are the prime factors of m?
31
Let f = 34 - 32. Suppose -s + f*u = 2*s - 212, -4*s - 4*u = -256. List the prime factors of s.
2, 17
Let j = -11474 - -17384. What are the prime factors of j?
2, 3, 5, 197
Suppose 0 = 4*p - 1305 + 513. List the prime factors of 1/(-5) + p/15.
13
Let n(x) = x**2 + x - 17. Let u be n(-13). Suppose 5*d - 353 = -5*m + 7, -2*m + u = d. Let w = m + -32. List the prime factors of w.
5, 7
Suppose 7*o = 18*o - 2574. List the prime factors of o.
2, 3, 13
Let b(s) = s**2 - 3*s - 1. Let n be b(4). List the prime factors of 2/n + (-1870)/(-30).
3, 7
Let k = -14 + 30. Let r be (k/12)/((-1)/3). List the prime factors of (2 - 11)*r/6.
2, 3
Suppose -5*o + 24 = 4. Suppose -4*b + o*c = b + 6, -c = 4*b - 12. Suppose -b*u + 0 = -48. List the prime factors of u.
2, 3
Suppose 13 - 3 = 5*q. Suppose 0 = -3*n - 5*x + 16, -q*n = x - 0*x - 6. Suppose 4*l - 108 = 5*v, 4*l - 3*v - 108 = -n*v. What are the prime factors of l?
3
Let g(q) = 55*q + 6. Let b(f) = 2806*f + 305. Let j(r) = 6*b(r) - 305*g(r). Let u be j(1). Let i = -28 + u. What are the prime factors of i?
3, 11
Let p(o) = 104*o**3 - 4*o**2 + 12*o - 5. List the prime factors of p(3).
2803
Suppose 9153 = x + 3*x - q, -5*q + 2304 = x. What are the prime factors of x?
3, 7, 109
Let v = 2 - -3. Suppose -x - v*a = -44, 4*x + 4*a - 88 = 2*x. What are the prime factors of x?
2, 11
Let z = 25 + -20. Suppose -w - z = -4, 4*f = -2*w - 14. List the prime factors of (f/2)/(5/(-50)).
3, 5
Let u = 0 + 4. Suppose 0*i = 3*i + 3*c - 21, u*i - 32 = -5*c. Suppose 0 = -o - s - i*s + 7, 0 = -5*s. List the prime factors of o.
7
Suppose -n - 25 = 3*h + 53, n - 3*h + 54 = 0. Suppose 0 = 2*b - 2*f - 264, 14*f - 123 = -b + 18*f. Let a = n + b. List the prime factors of a.
3, 23
Let j be 2 + 1 + -4 + 86 + -5. Let z = j - 24. What are the prime factors of z?
2, 7
Let y(u) = -8*u + 83. Let l be y(10). Suppose -5*n + 523 = l*x, -2*n = 11 - 3. What are the prime factors of x?
181
Suppose 5*b - 2*b = 12, 4*u + 5*b - 972 = 0. List the prime factors of u.
2, 7, 17
Suppose 20626 = 59*p - 25748. What are the prime factors of p?
2, 3, 131
Let z = -5 - -10. Suppose 30 = 3*v - z*v. List the prime factors of 117/15 - 3/v.
2
Let p be ((0 - -1) + -36)*2. Let d = -8 - p. List the prime factors of d.
2, 31
Suppose -5*y = 2*j - 6549, 5*j + 363 = 3*y - 3554. List the prime factors of y.
7, 11, 17
Let p be (-108)/24*2/(-3). Let x be -7*p/(-12)*4. Suppose 0 = 8*o - 295 + x. List the prime factors of o.
2, 3
Let v(s) = s**2 + 14*s - 65. What are the prime factors of v(-21)?
2, 41
Let v(j) = 5*j**2 + 6 - 4 - 3*j**2. Let n(b) = -5*b**2 - b - 3. Let g(z) = -3*n(z) - 5*v(z). List the prime factors of g(-3).
5, 7
Suppose 3*x + 3*w = 5*w + 418, 4*w = -2*x + 268. Suppose -40 + x = 7*h. List the prime factors of h.
2, 7
Let l(u) = -u**3 - 2*u**2 - 6. Let m be l(-3). Suppose c - 2 = 0, -n - m*c - 6 = -23. List the prime factors of n.
11
Suppose -k + 2 = -2*u - 4, -4*k = 16. Let x be (-5 - u)*1*-1. Suppose 3*c = -x*c + 18. What are the prime factors of c?
2, 3
Suppose 0 = 2*w - 3*f + 1, -2*w = -0*w - f - 9. Suppose 3*r - w*r = -652. List the prime factors of r.
163
Let w(y) = y**3 + 4*y**2 + y + 6. Let j be w(-4). Suppose -2*p = 5*u - 104, p = 5*u + j + 20. What are the prime factors of p?
2, 3, 7
Let b(h) = 2*h - 10. Let q be b(-5). Let d = q + 22. What are the prime factors of d?
2
List the prime factors of -2*(6*1 - 48323/46).
2089
Suppose 1 = k, -6*m - 5*k = -m - 45. Suppose -9*h + m = -10. Let o = 46 - h. List the prime factors of o.
2, 11
Suppose -5*q - 4*z = -446, -q + 102 = -2*z + 6*z. Let n = 120 - q. List the prime factors of n.
2, 17
Suppose 12*j + 5*j - 3468 = 0. What are the prime factors of j?
2, 3, 17
Suppose -2734 + 12678 = 11*b. What are the prime factors of b?
2, 113
Suppose -3*t - 3*b = -66, -2*t = -7*t + b + 122. Suppose t*h + 51 = 21*h. Let d = h - -38. List the prime factors of d.
3, 7
Suppose -2*z - 3*z - 5*x + 1625 = 0, -2*z + 662 = -4*x. What are the prime factors of z?
3, 109
What are the prime factors of (-9)/15*-15 + 1024?
1033
Suppose 3*p + 42 = -3*o + 114, 0 = -5*p - 3*o + 122. List the prime factors of p.
5
Let c be -30*(3 + 35/(-15)). What are the prime factors of (c/25)/(3/(-165))?
2, 11
Let y = 11 + -10. Suppose 2 = s - y. Suppose 0 = -s*h + 83 - 5. List the prime factors of h.
2, 13
Let u = 244 + -147. What are the prime factors of u?
97
Suppose 0 = -2*t + 2*v + 176, -4*v - 436 = -5*t - v. List the prime factors of t + (-2)/4*-4.
2, 11
Suppose 2*m = 3*m - 3. Let d(s) = s**3 + 27*s**2 - 30*s - 54. Let k be d(-28). Suppose k*r + 3 = 1, 99 = m*z - 3*r. What are the prime factors of z?
2
Suppose o + 1603 = 5*n, 0*n - 3*n + 2*o + 959 = 0. What are the prime factors of n?
3, 107
Let h(u) = -2*u**3 + 8*u**2 + 3*u - 34. List the prime factors of h(-4).
2, 3, 5, 7
Let b(c) = 9*c**3 - 11*c**2 - 15*c + 2. What are the prime factors of b(7)?
3, 5, 163
Let d(n) = 149*n - 282. List the prime factors of d(8).
2, 5, 7, 13
Let i be -69 - (3 + -2 + 0). Let j be (i/(-3))/(-5)*-6. Let a = 66 - j. What are the prime factors of a?
2, 19
Suppose 0 = 5*p - 15. Let s(n) = 30*n**3 + 4*n - 4. Let t be s(1). List the prime factors of t/3 - (p + 0).
7
Let t be 2/(-1) - (0 + -2). Suppose 9*y + 2*j - 532 = 4*y, 0 = 4*y - 5*j - 419. Suppose -2*q + t*q = 4*m - y, -q + 131 = 5*m. List the prime factors of m.
2, 13
Suppose 3 = -0*r + 3*r. Let t(u) = -u**2 - 5*u + 25. Let z be t(-8). What are the prime factors of (z + (-5)/r)*-5?
2, 5
List the prime factors of 3623/3 - (-84)/36.
2, 5, 11
Let p = -1106 + 2582. What are the prime factors of p?
2, 3, 41
Let m(b) = 4*b - 1. Suppose -2 = 4*j - 0*k + 3*k, 0 = 3*j + 5*k + 7. Let n be m(j). Suppose n*q = 4*q - 46. List the prime factors of q.
2, 23
Let s be 3*275/(-45)*-3. Let u(d) = 4*d + 2. Let t be u(-5). Let y = s + t. What are the prime factors of y?
37
Let g = -250 - -288. Let p(q) = -q**